[INFO] cloning repository https://github.com/Lukasa/investments
[INFO] running `Command { std: "git" "-c" "credential.helper=" "-c" "credential.helper=/workspace/cargo-home/bin/git-credential-null" "clone" "--bare" "https://github.com/Lukasa/investments" "/workspace/cache/git-repos/https%3A%2F%2Fgithub.com%2FLukasa%2Finvestments", kill_on_drop: false }`
[INFO] [stderr] Cloning into bare repository '/workspace/cache/git-repos/https%3A%2F%2Fgithub.com%2FLukasa%2Finvestments'...
[INFO] running `Command { std: "git" "rev-parse" "HEAD", kill_on_drop: false }`
[INFO] [stdout] d41e36237539a97eade800ebb0cf0c869e84dbb7
[INFO] checking Lukasa/investments against master#cfbc6d4cf1acbac5c025acf8ed68929caa551df3 for pr-75494-beta
[INFO] running `Command { std: "git" "clone" "/workspace/cache/git-repos/https%3A%2F%2Fgithub.com%2FLukasa%2Finvestments" "/workspace/builds/worker-0/source", kill_on_drop: false }`
[INFO] [stderr] Cloning into '/workspace/builds/worker-0/source'...
[INFO] [stderr] done.
[INFO] validating manifest of git repo https://github.com/Lukasa/investments on toolchain cfbc6d4cf1acbac5c025acf8ed68929caa551df3
[INFO] running `Command { std: "/workspace/cargo-home/bin/cargo" "+cfbc6d4cf1acbac5c025acf8ed68929caa551df3" "read-manifest" "--manifest-path" "Cargo.toml", kill_on_drop: false }`
[INFO] started tweaking git repo https://github.com/Lukasa/investments
[INFO] finished tweaking git repo https://github.com/Lukasa/investments
[INFO] tweaked toml for git repo https://github.com/Lukasa/investments written to /workspace/builds/worker-0/source/Cargo.toml
[INFO] crate git repo https://github.com/Lukasa/investments already has a lockfile, it will not be regenerated
[INFO] running `Command { std: "/workspace/cargo-home/bin/cargo" "+cfbc6d4cf1acbac5c025acf8ed68929caa551df3" "fetch" "--locked" "--manifest-path" "Cargo.toml", kill_on_drop: false }`
[INFO] [stderr] error: the lock file /workspace/builds/worker-0/source/Cargo.lock needs to be updated but --locked was passed to prevent this
[INFO] [stderr] If you want to try to generate the lock file without accessing the network, use the --offline flag.
[INFO] the lockfile is outdated, regenerating it
[INFO] running `Command { std: "/workspace/cargo-home/bin/cargo" "+cfbc6d4cf1acbac5c025acf8ed68929caa551df3" "generate-lockfile" "--manifest-path" "Cargo.toml" "-Zno-index-update", kill_on_drop: false }`
[INFO] running `Command { std: "/workspace/cargo-home/bin/cargo" "+cfbc6d4cf1acbac5c025acf8ed68929caa551df3" "fetch" "--locked" "--manifest-path" "Cargo.toml", kill_on_drop: false }`
[INFO] [stderr]     Blocking waiting for file lock on package cache
[INFO] [stderr]  Downloading crates ...
[INFO] [stderr]   Downloaded postgres v0.9.6
[INFO] running `Command { std: "docker" "create" "-v" "/var/lib/crater-agent-workspace/builds/worker-0/target:/opt/rustwide/target:rw,Z" "-v" "/var/lib/crater-agent-workspace/builds/worker-0/source:/opt/rustwide/workdir:ro,Z" "-v" "/var/lib/crater-agent-workspace/cargo-home:/opt/rustwide/cargo-home:ro,Z" "-v" "/var/lib/crater-agent-workspace/rustup-home:/opt/rustwide/rustup-home:ro,Z" "-e" "SOURCE_DIR=/opt/rustwide/workdir" "-e" "CARGO_TARGET_DIR=/opt/rustwide/target" "-e" "CARGO_HOME=/opt/rustwide/cargo-home" "-e" "RUSTUP_HOME=/opt/rustwide/rustup-home" "-w" "/opt/rustwide/workdir" "-m" "1610612736" "--user" "0:0" "--network" "none" "rustops/crates-build-env@sha256:a636fd89d022f18117e1dc8fb37a0a009933cdbbe082814857f0e2024962d47c" "/opt/rustwide/cargo-home/bin/cargo" "+cfbc6d4cf1acbac5c025acf8ed68929caa551df3" "metadata" "--no-deps" "--format-version=1", kill_on_drop: false }`
[INFO] [stdout] 0c1b6c503688baf7ae4702b91471ddfc3f1bede59bbf04ddb686924ab068fd07
[INFO] [stderr] WARNING: Your kernel does not support swap limit capabilities or the cgroup is not mounted. Memory limited without swap.
[INFO] running `Command { std: "docker" "start" "-a" "0c1b6c503688baf7ae4702b91471ddfc3f1bede59bbf04ddb686924ab068fd07", kill_on_drop: false }`
[INFO] running `Command { std: "docker" "inspect" "0c1b6c503688baf7ae4702b91471ddfc3f1bede59bbf04ddb686924ab068fd07", kill_on_drop: false }`
[INFO] running `Command { std: "docker" "rm" "-f" "0c1b6c503688baf7ae4702b91471ddfc3f1bede59bbf04ddb686924ab068fd07", kill_on_drop: false }`
[INFO] [stdout] 0c1b6c503688baf7ae4702b91471ddfc3f1bede59bbf04ddb686924ab068fd07
[INFO] running `Command { std: "docker" "create" "-v" "/var/lib/crater-agent-workspace/builds/worker-0/target:/opt/rustwide/target:rw,Z" "-v" "/var/lib/crater-agent-workspace/builds/worker-0/source:/opt/rustwide/workdir:ro,Z" "-v" "/var/lib/crater-agent-workspace/cargo-home:/opt/rustwide/cargo-home:ro,Z" "-v" "/var/lib/crater-agent-workspace/rustup-home:/opt/rustwide/rustup-home:ro,Z" "-e" "SOURCE_DIR=/opt/rustwide/workdir" "-e" "CARGO_TARGET_DIR=/opt/rustwide/target" "-e" "CARGO_INCREMENTAL=0" "-e" "RUST_BACKTRACE=full" "-e" "RUSTFLAGS=--cap-lints=forbid" "-e" "CARGO_HOME=/opt/rustwide/cargo-home" "-e" "RUSTUP_HOME=/opt/rustwide/rustup-home" "-w" "/opt/rustwide/workdir" "-m" "1610612736" "--user" "0:0" "--network" "none" "rustops/crates-build-env@sha256:a636fd89d022f18117e1dc8fb37a0a009933cdbbe082814857f0e2024962d47c" "/opt/rustwide/cargo-home/bin/cargo" "+cfbc6d4cf1acbac5c025acf8ed68929caa551df3" "check" "--frozen" "--all" "--all-targets" "--message-format=json", kill_on_drop: false }`
[INFO] [stdout] fb0386662f23dd0396e693159f06c88e9e9ecf5b7c5e1fdeb744ea9f3cdc2b6d
[INFO] [stderr] WARNING: Your kernel does not support swap limit capabilities or the cgroup is not mounted. Memory limited without swap.
[INFO] running `Command { std: "docker" "start" "-a" "fb0386662f23dd0396e693159f06c88e9e9ecf5b7c5e1fdeb744ea9f3cdc2b6d", kill_on_drop: false }`
[INFO] [stderr]     Blocking waiting for file lock on package cache
[INFO] [stderr]    Compiling log v0.4.11
[INFO] [stderr]     Checking unicode-width v0.1.8
[INFO] [stderr]    Compiling byteorder v1.3.4
[INFO] [stderr]     Checking rustc-serialize v0.3.24
[INFO] [stderr]     Checking byteorder v0.3.13
[INFO] [stderr]     Checking bufstream v0.1.4
[INFO] [stderr]     Checking debug-builders v0.1.0
[INFO] [stderr]    Compiling num-traits v0.2.12
[INFO] [stderr]    Compiling num-integer v0.1.43
[INFO] [stderr]    Compiling num-iter v0.1.41
[INFO] [stderr]    Compiling num-bigint v0.3.0
[INFO] [stderr]    Compiling num-rational v0.3.0
[INFO] [stderr]    Compiling libc v0.2.76
[INFO] [stderr]     Checking time v0.1.43
[INFO] [stderr]     Checking atty v0.2.14
[INFO] [stderr]     Checking textwrap v0.11.0
[INFO] [stderr]     Checking clap v2.33.3
[INFO] [stderr]     Checking log v0.3.9
[INFO] [stderr]    Compiling rand_os v0.1.3
[INFO] [stderr]    Compiling rand v0.6.5
[INFO] [stderr]     Checking num-complex v0.3.0
[INFO] [stderr]     Checking num v0.1.42
[INFO] [stderr]     Checking chrono v0.2.25
[INFO] [stderr]    Compiling phf_generator v0.7.24
[INFO] [stderr]    Compiling phf_codegen v0.7.24
[INFO] [stderr]    Compiling postgres v0.9.6
[INFO] [stderr]     Checking num v0.3.0
[INFO] [stderr]     Checking investments v0.1.0 (/opt/rustwide/workdir)
[INFO] [stdout] warning: use of deprecated item 'try': use the `?` operator instead
[INFO] [stdout]   --> src/currency.rs:64:17
[INFO] [stdout]    |
[INFO] [stdout] 64 |         let t = try!(raw.read_i64::<BigEndian>());
[INFO] [stdout]    |                 ^^^
[INFO] [stdout]    |
[INFO] [stdout]    = note: `#[warn(deprecated)]` on by default
[INFO] [stdout] 
[INFO] [stdout] 
[INFO] [stdout] warning: use of deprecated item 'try': use the `?` operator instead
[INFO] [stdout]   --> src/currency.rs:74:9
[INFO] [stdout]    |
[INFO] [stdout] 74 |         try!(w.write_i64::<BigEndian>(val));
[INFO] [stdout]    |         ^^^
[INFO] [stdout] 
[INFO] [stdout] 
[INFO] [stdout] warning: unused import: `NaiveDateTime`
[INFO] [stdout]  --> src/balance.rs:4:14
[INFO] [stdout]   |
[INFO] [stdout] 4 | use chrono::{NaiveDateTime, UTC};
[INFO] [stdout]   |              ^^^^^^^^^^^^^
[INFO] [stdout]   |
[INFO] [stdout]   = note: `#[warn(unused_imports)]` on by default
[INFO] [stdout] 
[INFO] [stdout] 
[INFO] [stdout] warning: `...` range patterns are deprecated
[INFO] [stdout]   --> src/currency.rs:51:21
[INFO] [stdout]    |
[INFO] [stdout] 51 |                 '0' ... '9' => {result = (result * 10) + (c as i64 - '0' as i64)}
[INFO] [stdout]    |                     ^^^ help: use `..=` for an inclusive range
[INFO] [stdout]    |
[INFO] [stdout]    = note: `#[warn(ellipsis_inclusive_range_patterns)]` on by default
[INFO] [stdout] 
[INFO] [stdout] 
[INFO] [stdout] warning: unused import: `NaiveDateTime`
[INFO] [stdout]  --> src/deposit.rs:4:14
[INFO] [stdout]   |
[INFO] [stdout] 4 | use chrono::{NaiveDateTime, DateTime, UTC};
[INFO] [stdout]   |              ^^^^^^^^^^^^^
[INFO] [stdout] 
[INFO] [stdout] 
[INFO] [stdout] error[E0107]: wrong number of lifetime arguments: expected 1, found 2
[INFO] [stdout]   --> src/main.rs:16:50
[INFO] [stdout]    |
[INFO] [stdout] 16 | fn prepare_interface<'a, 'b>() -> ArgMatches<'a, 'b> {
[INFO] [stdout]    |                                                  ^^ unexpected lifetime argument
[INFO] [stdout] 
[INFO] [stdout] 
[INFO] [stdout] error[E0107]: wrong number of lifetime arguments: expected 2, found 6
[INFO] [stdout]   --> src/account.rs:60:65
[INFO] [stdout]    |
[INFO] [stdout] 60 | pub fn get_subcommands<'a, 'b, 'c, 'd, 'e, 'f>() -> App<'a, 'b, 'c, 'd, 'e, 'f> {
[INFO] [stdout]    |                                                                 ^^  ^^  ^^  ^^ unexpected lifetime argument
[INFO] [stdout]    |                                                                 |   |   |
[INFO] [stdout]    |                                                                 |   |   unexpected lifetime argument
[INFO] [stdout]    |                                                                 |   unexpected lifetime argument
[INFO] [stdout]    |                                                                 unexpected lifetime argument
[INFO] [stdout] 
[INFO] [stdout] 
[INFO] [stdout] error[E0107]: wrong number of lifetime arguments: expected 2, found 6
[INFO] [stdout]   --> src/balance.rs:70:65
[INFO] [stdout]    |
[INFO] [stdout] 70 | pub fn get_subcommands<'a, 'b, 'c, 'd, 'e, 'f>() -> App<'a, 'b, 'c, 'd, 'e, 'f> {
[INFO] [stdout]    |                                                                 ^^  ^^  ^^  ^^ unexpected lifetime argument
[INFO] [stdout]    |                                                                 |   |   |
[INFO] [stdout]    |                                                                 |   |   unexpected lifetime argument
[INFO] [stdout]    |                                                                 |   unexpected lifetime argument
[INFO] [stdout]    |                                                                 unexpected lifetime argument
[INFO] [stdout] 
[INFO] [stdout] 
[INFO] [stderr] error: could not compile `investments`.
[INFO] [stdout] error[E0107]: wrong number of lifetime arguments: expected 2, found 6
[INFO] [stdout]   --> src/deposit.rs:72:65
[INFO] [stdout]    |
[INFO] [stdout] 72 | pub fn get_subcommands<'a, 'b, 'c, 'd, 'e, 'f>() -> App<'a, 'b, 'c, 'd, 'e, 'f> {
[INFO] [stdout]    |                                                                 ^^  ^^  ^^  ^^ unexpected lifetime argument
[INFO] [stdout]    |                                                                 |   |   |
[INFO] [stdout]    |                                                                 |   |   unexpected lifetime argument
[INFO] [stdout]    |                                                                 |   unexpected lifetime argument
[INFO] [stdout]    |                                                                 unexpected lifetime argument
[INFO] [stdout] 
[INFO] [stdout] 
[INFO] [stderr] 
[INFO] [stdout] error: aborting due to 4 previous errors; 5 warnings emitted
[INFO] [stdout] 
[INFO] [stdout] 
[INFO] [stderr] To learn more, run the command again with --verbose.
[INFO] [stdout] For more information about this error, try `rustc --explain E0107`.
[INFO] [stdout] 
[INFO] [stderr] warning: build failed, waiting for other jobs to finish...
[INFO] [stdout] warning: use of deprecated item 'try': use the `?` operator instead
[INFO] [stdout]   --> src/currency.rs:64:17
[INFO] [stdout]    |
[INFO] [stdout] 64 |         let t = try!(raw.read_i64::<BigEndian>());
[INFO] [stdout]    |                 ^^^
[INFO] [stdout]    |
[INFO] [stdout]    = note: `#[warn(deprecated)]` on by default
[INFO] [stdout] 
[INFO] [stdout] 
[INFO] [stdout] warning: use of deprecated item 'try': use the `?` operator instead
[INFO] [stdout]   --> src/currency.rs:74:9
[INFO] [stdout]    |
[INFO] [stdout] 74 |         try!(w.write_i64::<BigEndian>(val));
[INFO] [stdout]    |         ^^^
[INFO] [stdout] 
[INFO] [stdout] 
[INFO] [stdout] warning: unused import: `NaiveDateTime`
[INFO] [stdout]  --> src/balance.rs:4:14
[INFO] [stdout]   |
[INFO] [stdout] 4 | use chrono::{NaiveDateTime, UTC};
[INFO] [stdout]   |              ^^^^^^^^^^^^^
[INFO] [stdout]   |
[INFO] [stdout]   = note: `#[warn(unused_imports)]` on by default
[INFO] [stdout] 
[INFO] [stdout] 
[INFO] [stdout] warning: `...` range patterns are deprecated
[INFO] [stdout]   --> src/currency.rs:51:21
[INFO] [stdout]    |
[INFO] [stdout] 51 |                 '0' ... '9' => {result = (result * 10) + (c as i64 - '0' as i64)}
[INFO] [stdout]    |                     ^^^ help: use `..=` for an inclusive range
[INFO] [stdout]    |
[INFO] [stdout]    = note: `#[warn(ellipsis_inclusive_range_patterns)]` on by default
[INFO] [stdout] 
[INFO] [stdout] 
[INFO] [stdout] warning: unused import: `NaiveDateTime`
[INFO] [stdout]  --> src/deposit.rs:4:14
[INFO] [stdout]   |
[INFO] [stdout] 4 | use chrono::{NaiveDateTime, DateTime, UTC};
[INFO] [stdout]   |              ^^^^^^^^^^^^^
[INFO] [stdout] 
[INFO] [stdout] 
[INFO] [stdout] error[E0107]: wrong number of lifetime arguments: expected 1, found 2
[INFO] [stdout]   --> src/main.rs:16:50
[INFO] [stdout]    |
[INFO] [stdout] 16 | fn prepare_interface<'a, 'b>() -> ArgMatches<'a, 'b> {
[INFO] [stdout]    |                                                  ^^ unexpected lifetime argument
[INFO] [stdout] 
[INFO] [stdout] 
[INFO] [stdout] error[E0107]: wrong number of lifetime arguments: expected 2, found 6
[INFO] [stdout]   --> src/account.rs:60:65
[INFO] [stdout]    |
[INFO] [stdout] 60 | pub fn get_subcommands<'a, 'b, 'c, 'd, 'e, 'f>() -> App<'a, 'b, 'c, 'd, 'e, 'f> {
[INFO] [stdout]    |                                                                 ^^  ^^  ^^  ^^ unexpected lifetime argument
[INFO] [stdout]    |                                                                 |   |   |
[INFO] [stdout]    |                                                                 |   |   unexpected lifetime argument
[INFO] [stdout]    |                                                                 |   unexpected lifetime argument
[INFO] [stdout]    |                                                                 unexpected lifetime argument
[INFO] [stdout] 
[INFO] [stdout] 
[INFO] [stdout] error[E0107]: wrong number of lifetime arguments: expected 2, found 6
[INFO] [stdout]   --> src/balance.rs:70:65
[INFO] [stdout]    |
[INFO] [stdout] 70 | pub fn get_subcommands<'a, 'b, 'c, 'd, 'e, 'f>() -> App<'a, 'b, 'c, 'd, 'e, 'f> {
[INFO] [stdout]    |                                                                 ^^  ^^  ^^  ^^ unexpected lifetime argument
[INFO] [stdout]    |                                                                 |   |   |
[INFO] [stdout]    |                                                                 |   |   unexpected lifetime argument
[INFO] [stdout]    |                                                                 |   unexpected lifetime argument
[INFO] [stdout]    |                                                                 unexpected lifetime argument
[INFO] [stdout] 
[INFO] [stdout] 
[INFO] [stdout] error[E0107]: wrong number of lifetime arguments: expected 2, found 6
[INFO] [stdout]   --> src/deposit.rs:72:65
[INFO] [stdout]    |
[INFO] [stdout] 72 | pub fn get_subcommands<'a, 'b, 'c, 'd, 'e, 'f>() -> App<'a, 'b, 'c, 'd, 'e, 'f> {
[INFO] [stdout]    |                                                                 ^^  ^^  ^^  ^^ unexpected lifetime argument
[INFO] [stdout]    |                                                                 |   |   |
[INFO] [stdout]    |                                                                 |   |   unexpected lifetime argument
[INFO] [stdout]    |                                                                 |   unexpected lifetime argument
[INFO] [stdout]    |                                                                 unexpected lifetime argument
[INFO] [stdout] 
[INFO] [stdout] 
[INFO] [stdout] error: aborting due to 4 previous errors; 5 warnings emitted
[INFO] [stdout] 
[INFO] [stdout] 
[INFO] [stdout] For more information about this error, try `rustc --explain E0107`.
[INFO] [stdout] 
[INFO] [stderr] error: build failed
[INFO] running `Command { std: "docker" "inspect" "fb0386662f23dd0396e693159f06c88e9e9ecf5b7c5e1fdeb744ea9f3cdc2b6d", kill_on_drop: false }`
[INFO] running `Command { std: "docker" "rm" "-f" "fb0386662f23dd0396e693159f06c88e9e9ecf5b7c5e1fdeb744ea9f3cdc2b6d", kill_on_drop: false }`
[INFO] [stdout] fb0386662f23dd0396e693159f06c88e9e9ecf5b7c5e1fdeb744ea9f3cdc2b6d
